sor of d and u?
4
Suppose -160 - 32 = -2*f - 2*m, 0 = 2*f + 4*m - 180. What is the highest common factor of f and 120?
6
Let i(s) = -5*s**3 + s**2 + 3*s - 2. Let k be i(2). Let n = 7416 - 7463. Let j = k - n. Calculate the highest common factor of j and 15.
15
Suppose -7 - 17 = 4*w. Let b be (-355)/5 - (w + 3). Let a be (b/5)/((-2)/25). What is the greatest common factor of a and 34?
34
Let k be 12 + (-4 - 14) - -116. What is the highest common divisor of 506 and k?
22
Suppose 4*y = 2*f + 20 - 2, 0 = 3*f + 9. Suppose 0 = 8*a - 4*a + 2*i - 94, 0 = -5*a + y*i + 123. What is the greatest common factor of 40 and a?
8
Suppose 6*r + 3*p = 8*r - 160, r - 4*p = 90. Suppose c + 56 = r. Calculate the highest common factor of 450 and c.
18
Suppose 3*i - 442 = 4727. Suppose 3*a + n - i = 0, -1738 = a - 4*a + 2*n. Suppose 24 = 5*c - a. What is the greatest common factor of 24 and c?
24
Suppose -9161 + 2905 = -8*d. What is the greatest common factor of d and 34?
34
Suppose 0 = -4*n - 3*o + 81, 2*n - 11 - 35 = 4*o. Let b(g) = -g**3 - g**2 - g + 33. Let a be b(0). Calculate the greatest common divisor of a and n.
3
Let l = 1726 + -1699. Suppose -40 = 3*d - 256. What is the greatest common factor of l and d?
9
Let u = 86 + -81. Suppose -u*a + 325 = -5*w, -2*w - 5*a = -w + 59. Let s be 33/(-2)*w/12*1. What is the greatest common divisor of 11 and s?
11
Suppose -l - 124 = -4*l + 2*b, b - 78 = -2*l. Suppose 2*k - l = 3*x, k - 2*k + 2 = 3*x. Let u = -67665 + 67700. Calculate the greatest common factor of u and k.
7
Let v(i) be the first derivative of -3*i**2/2 + 104*i + 147. Let y be v(23). Calculate the greatest common factor of y and 133.
7
Let w(h) = 7*h**2 + 37*h - 313. Let g be w(7). Calculate the greatest common factor of g and 51.
17
Suppose -3*f = -15, 90 = 20*n - 19*n - 4*f. Calculate the greatest common divisor of n and 935.
55
Suppose -5*d - 2*c + 6534 = -7716, 5*d = -4*c + 14250. What is the highest common factor of d and 10?
10
Suppose 99*v - 102*v + 33 = 0. Let r(x) = -x**2 - 11*x - 4. Let s be r(-10). Suppose -s*u + 231 = -3*u. Calculate the highest common factor of u and v.
11
Let d = 3885 - 3867. What is the greatest common factor of d and 25?
1
Let z(t) = -2*t**3 - 15*t**2 + 17*t - 10. Let h be z(-9). Suppose -5 = p, -2*i + 3*p = -p - h. What is the highest common divisor of 75 and i?
15
Let v(z) be the second derivative of 0 - 8/3*z**3 - 28*z - 1/12*z**4 + 22*z**2. Let n be v(-18). Calculate the highest common factor of 12 and n.
4
Suppose -2*u - 4*o - 62 + 244 = 0, u + 4*o = 83. Calculate the greatest common factor of u and 451.
11
Suppose 0 = -2*c - s + 4, 2*s = 5*c - 2*s - 36. Suppose 12 = -c*i - 8. Let n be (-154)/(-8)*(-3 - -2 - i). Calculate the greatest common divisor of n and 7.
7
Let b = -473 - -563. Suppose 17*n - 522 = b. What is the highest common divisor of 120 and n?
12
Let p be 81/(-12) - -6 - (-5 + (-41964)/16). Calculate the greatest common factor of p and 213.
71
Let v = -37 - -40. Suppose -v*p + 11*p = -896. Let y = p - -123. What is the highest common factor of y and 11?
11
Suppose 5*k + 6 = 2*t + 5, -5*t - 2*k = -17. Suppose -t*n = -2*d + 52 - 540, d = 4*n - 644. Let x = n - 143. What is the greatest common divisor of 289 and x?
17
Let q be ((-9)/(-4))/(36/96). Let w(a) = a - 2 - 4*a**2 - 2*a + 0*a + q*a**2. Let f be w(-1). What is the highest common divisor of f and 4?
1
Suppose 317*z - 3*n = 314*z + 162, z + 3*n - 50 = 0. What is the highest common factor of 2438 and z?
53
Let z be 55/(-50) + (-6)/15 + (-3531)/(-214). Calculate the greatest common divisor of 22485 and z.
15
Let r = -13344 + 13821. What is the greatest common divisor of 1325 and r?
53
Let j(d) = -2*d**3 - 9*d**2 + 21*d + 10. Let h be j(-8). Suppose -3*p + 438 = -3*k, 2*p + 0*k - 3*k - h = 0. What is the greatest common factor of 8 and p?
4
Suppose 5*b + 4*p - 31 - 81 = 0, 2*b = 3*p + 31. Calculate the highest common divisor of b and 1615.
5
Let u = 457 + -329. What is the highest common divisor of 320 and u?
64
Let a = -10 + 12. Suppose a*y + 23 = 503. Suppose x - 129 = -3*m - x, -5*x = -5*m + y. What is the highest common divisor of 9 and m?
9
Let n = 24873 + -24858. What is the highest common divisor of 18405 and n?
15
Suppose 3*r = 3*c + 9, -3*r + 6 = -6*r - 2*c. Let f(w) = 2*w + 5. Let i be f(r). Suppose 58 = -i*z + 78. What is the greatest common divisor of z and 3?
1
Suppose 3*n + 19 = -4*n + 187. Suppose -289 = -3*d - 25. What is the greatest common divisor of d and n?
8
Suppose -9*g - 423 = -18*g. Suppose 6*o = 4331 + 3127. Suppose 0 = 2*b + 397 - o. What is the greatest common factor of b and g?
47
Suppose -2*k + 46 = -2*o - 126, -3*k - 3*o + 246 = 0. Let s = 107 - 109. Let d be 1 - (-3)/s - (-215)/10. Calculate the highest common factor of d and k.
21
Suppose -3*q = -2*m - 277, 3*q - m - 31 = 244. Let x = 558 + -509. Calculate the greatest common divisor of x and q.
7
Suppose 0 = 5*h - 4*g + 154, 22*h + 3*g + 87 = 19*h. Let j be (-3)/(18/h) + 1. What is the highest common factor of 222 and j?
6
Let a be (968/33 - 2/6)*38. What is the greatest common factor of a and 377?
29
Let w(n) be the first derivative of 8*n**2 - 56*n - 19. Let t be w(6). Let g be 50/4*t/25. Calculate the greatest common divisor of g and 20.
20
Suppose 30*p = 36*p - 30. Suppose -p*q - 51 = -o, -3*o - 3*q - 44 + 143 = 0. Let i be 4/(-2 + 4)*6. What is the highest common factor of o and i?
12
Let j be 2 + -3*8/12. Suppose j*y - 192 = -4*y. Let t be (4/3)/(22/528). What is the greatest common divisor of t and y?
16
Suppose 16*b - 767 = 3489. Calculate the highest common factor of b and 190.
38
Let f be ((-15)/(-2))/(13 + (-3735)/288). Let k = f - 211. Calculate the greatest common factor of 493 and k.
29
Suppose -3*a + 8*a - 23417 = 3*u, 3*a + 5*u - 14023 = 0. What is the greatest common divisor of 31 and a?
31
Suppose -6 = -5*a + 4*a + 4*i, 3*i = -5*a + 7. Suppose a*k - 11 = -3*v + 29, -k = -2. Calculate the greatest common factor of 300 and v.
12
Let u be ((-6)/(-12))/((-1)/58). Suppose 0 = -2*s - 10 - 66. Let t = u - s. Calculate the highest common divisor of t and 72.
9
Let m(x) = 42*x - 369. Let l be m(13). Suppose l = -5*o + 8*o + 3*c, -2*c = -6. What is the greatest common divisor of o and 98?
14
Let j = 8022 + -1496. What is the highest common divisor of 26 and j?
26
Suppose 7*a = -w + 8*a + 20, 4*w - 76 = 3*a. Suppose 0 = -2*s + 5*s - 192. What is the greatest common divisor of s and w?
16
Let d(s) = -3*s - 39 - 14 + 30. Let x be d(-7). Let l be (96 - -5) + (2 - x). Calculate the highest common divisor of 15 and l.
15
Let s(j) = -9*j + 68. Let w be s(6). Suppose w*a = 17*a - 6. Let b be a + -3 + -3 + (-255)/(-3). What is the greatest common divisor of 27 and b?
27
Suppose -2*k + 3333 = 2*a - 201, 2*a = 5*k - 8863. Calculate the greatest common divisor of 7 and k.
7
Let v(p) = -1444*p + 7274. Let k be v(5). What is the greatest common factor of 23706 and k?
54
Let q be -8 - -17 - (1 + 4 - 1). Suppose 18*t = 19*t - q. Suppose -4*k - 110 = -t*k. Calculate the greatest common divisor of 22 and k.
22
Let g be ((152/10)/((-1008)/48600))/(3/(-14)). What is the highest common factor of 1620 and g?
180
Let d be 3 + (-43)/15 + 355760/300 + -10. What is the greatest common divisor of 3 and d?
3
Let v be -738 + 0 - (-1 + -7 + 2). Let q = v - -769. What is the highest common divisor of q and 37?
37
Let c(t) be the second derivative of -11*t**3/6 + 12*t**2 - 7*t. Let w be c(-5). Suppose -3*m + w = 70. What is the highest common divisor of m and 4?
1
Suppose 386*h = 398*h - 636. Calculate the greatest common factor of h and 27.
1
Let w be 1806/(-24) + (-1)/(-4). Let u = w + 84. Suppose 0 = -n + u - 3. Calculate the greatest common divisor of n and 18.
6
Let d = -12 - 240. Let f be (-2)/(-7) + (-12024)/d. What is the highest common divisor of f and 80?
16
Let m = 0 - -3. Let n be (m + -18)*1/(-3). Suppose -p - 174*l + 35 = -173*l, 10*p - 2*l = 230. What is the greatest common factor of n and p?
5
Let x = -1986 - -2100. Calculate the highest common divisor of 4218 and x.
114
Suppose 2*f = -3*f + 15, -3*z = 2*f - 63. Suppose -61*p = 1502 - 9615. Calculate the greatest common divisor of z and p.
19
Let x = -32 + 2. Let g(v) = v**3 + 22*v**2 + 18*v. Let q be g(-21). Let z = q + x. Calc